{"id":7406,"date":"2021-02-18T12:22:34","date_gmt":"2021-02-18T11:22:34","guid":{"rendered":"https:\/\/qkll.gov.al\/?page_id=7406"},"modified":"2023-04-19T10:54:52","modified_gmt":"2023-04-19T08:54:52","slug":"statusi-i-poetit-laureat","status":"publish","type":"page","link":"https:\/\/qkll.gov.al\/?page_id=7406","title":{"rendered":"Statusi i Poetit Laureat"},"content":{"rendered":"<p><strong>Statusi i Poetit Laureat<\/strong><\/p>\n<p>\u00c7mimi \u201cPoeti Laureat\u201d \u00ebsht\u00eb vler\u00ebsimi m\u00eb i lart\u00eb profesional q\u00eb i jepet nj\u00eb shkrimtari me kontribut t\u00eb spikatur n\u00eb fush\u00ebn e poezis\u00eb. Procedurat e p\u00ebrzgjedhjes s\u00eb kandidatit p\u00ebr k\u00ebt\u00eb titull variojn\u00eb nga vendi n\u00eb vend, por funksioni i tij \u00ebsht\u00eb kudo i nj\u00ebjt\u00eb: nd\u00ebrgjegj\u00ebsimi i publikut mbi r\u00ebnd\u00ebsin\u00eb e leximit dhe shkrimit t\u00eb poezis\u00eb.<\/p>\n<p>P\u00ebr her\u00eb t\u00eb par\u00eb, Shqip\u00ebria ka p\u00ebrzgjedhur nj\u00eb \u201cPoet Laureat\u201d, p\u00ebr nj\u00eb mandat dyvje\u00e7ar. Procesi i p\u00ebrzgjedhjes u realizua nga Qendra Komb\u00ebtare e Librit dhe Leximit dhe \u201cPoeti Laureat\u201d u em\u00ebrua prej nj\u00eb Komiteti Drejtues i p\u00ebrzgjedhur nga QKLL-ja, i p\u00ebrfaq\u00ebsuar nga personazhe t\u00eb r\u00ebnd\u00ebsishme t\u00eb bot\u00ebs s\u00eb letrave.<\/p>\n<p>Q\u00ebllimi i p\u00ebrzgjedhjes s\u00eb \u201cPoetit Laureat\u201d \u00ebsht\u00eb nd\u00ebrgjegj\u00ebsimi i publikut mbi r\u00ebnd\u00ebsin\u00eb e poezis\u00eb dhe p\u00ebrsosjen e nj\u00eb tradite poetike. \u201cPoeti Laureat\u201d nd\u00ebrton strategjin\u00eb personale p\u00ebr nd\u00ebrgjegj\u00ebsimin e publikut mbi r\u00ebnd\u00ebsin\u00eb e l\u00ebvrimit dhe leximit t\u00eb poezis\u00eb shqipe. Ky vler\u00ebsim organizohet n\u00ebn kujdesin e QKLL-s\u00eb nj\u00eb her\u00eb n\u00eb dy vjet. \u201cPoeti Laureat\u201d \u00ebsht\u00eb nj\u00eb personalitet me botime, i cili vler\u00ebsohet n\u00eb baz\u00eb t\u00eb nj\u00eb vepre poetike me arritje n\u00eb let\u00ebrsin\u00eb shqipe n\u00eb vitet e fundit. Fituesi dor\u00ebzon brenda nj\u00eb muaji nga marrja e \u00e7mimit, nj\u00eb projekt konkret pran\u00eb QKLL-s\u00eb, n\u00eb kuad\u00ebr t\u00eb t\u00eb cilit pasqyrohet angazhimi i tij n\u00eb rritjen e nd\u00ebrgjegj\u00ebsimit p\u00ebr leximin dhe shkrimin e poezis\u00eb n\u00eb vend. Gjat\u00eb mandatit dyvje\u00e7ar, \u201cPoeti Laureat\u201d realizon hartimin e nj\u00eb antologjie me poezin\u00eb n\u00eb fokus, duke e zgjedhur ai vet\u00eb tematik\u00ebn.<\/p>\n<p><strong>Baza Ligjore<\/strong><\/p>\n<p>Statusi ligjor i \u201cPoetit Laureat\u201d i referohet VKM-s\u00eb Nr. 24, dat\u00eb 16.01.2019 &#8220;P\u00ebr krijimin, organizimin dhe funksionimin e Qendr\u00ebs Komb\u00ebtare t\u00eb Librit dhe Leximit&#8221;, paragrafit III, pika a, ku thuhet: \u201cQKLL-ja harton programet dhe financon projektet n\u00eb fush\u00ebn e librit\u201d; Vendimit Nr. 14 t\u00eb Kolegjiumit mbi projektin \u201cPoeti Laureat\u201d, si edhe politikave t\u00eb QKLL-s\u00eb p\u00ebr mb\u00ebshtetjen e procesit krijues n\u00eb gjinin\u00eb e poezis\u00eb.<\/p>\n<p>Fondi mb\u00ebshtet \u201cPoetin Laureat\u201d financiarisht, she\u0308rben edhe si orientim pe\u0308r shte\u0308pite\u0308 botuese brenda dhe jasht\u00eb vendit, me q\u00ebllim bashk\u00ebpunimin p\u00ebr t\u00eb promovuar poet\u00ebt shqiptar\u00eb.<\/p>\n<p>\u201cPoeti Laureat\u201d p\u00ebrzgjidhet mes kandidat\u00ebve q\u00eb l\u00ebvrojn\u00eb zhanrin e poezis\u00eb shqipe, nga t\u00eb cil\u00ebt juria zgjedh \u201cPoetin Laureat\u201d, bazuar te kriteret e m\u00ebposhtme:<\/p>\n<p>&#8211; t\u00eb jet\u00eb em\u00ebr i njohur dhe me kontribut letrar n\u00eb poezin\u00eb shqipe;<\/p>\n<p>&#8211; t\u00eb ket\u00eb botuar t\u00eb pakt\u00ebn tri vepra poetike;<\/p>\n<p>&#8211; t\u00eb jet\u00eb i p\u00ebrkthyer t\u00eb pakt\u00ebn n\u00eb nj\u00eb gjuh\u00eb t\u00eb huaj;<\/p>\n<p>&#8211; t\u00eb ket\u00eb botuar t\u00eb pakt\u00ebn nj\u00eb vep\u00ebr poetike gjat\u00eb dy viteve t\u00eb fundit.<\/p>\n<p><strong>Qendra Komb\u00ebtare e Librit dhe Leximit <\/strong>harton t\u00eb gjitha aspektet e kontrat\u00ebs\u00a0me jurin\u00eb dhe fituesin, kundrejt t\u00eb gjitha kritereve dhe rregullave t\u00eb bashk\u00ebpunimit t\u00eb nd\u00ebrsjell\u00eb deri n\u00eb shpalljen e fituesit.<\/p>\n<p><strong>Detyrimet e \u201cPoetit Laureat\u201d<\/strong><\/p>\n<ol>\n<li>\u201cPoeti Laureat\u201d do t\u00eb nd\u00ebrtoj\u00eb strategjin\u00eb personale t\u00eb promovimit t\u00eb vlerave t\u00eb poezis\u00eb gjat\u00eb nj\u00eb mandati dyvje\u00e7ar dhe do t\u00eb realizoj\u00eb hartimin e nj\u00eb antologjie me poezin\u00eb n\u00eb fokus, duke e zgjedhur ai vet\u00eb tematik\u00ebn.<\/li>\n<li>Krijimtaria letrare poetike, mes s\u00eb cil\u00ebs p\u00ebrzgjidhen veprat dhe autor\u00ebt p\u00ebr t\u2019u vler\u00ebsuar, duhet t\u00eb jet\u00eb n\u00eb form\u00eb t\u00eb shtypshkruar, d.m.th. e botuar brenda territorit t\u00eb vendit, nga persona fizik\u00eb apo juridik\u00eb q\u00eb ushtrojn\u00eb veprimtari n\u00eb fush\u00ebn e botimit n\u00eb territorin e Republik\u00ebs s\u00eb Shqip\u00ebris\u00eb, n\u00eb p\u00ebrputhje me legjislacionin shqiptar n\u00eb fuqi.<\/li>\n<\/ol>\n<p><strong>\u00a0<\/strong><strong>Shp\u00ebrblimi i fituesit t\u00eb \u00e7mimit \u201cPoeti Laureat\u201d<\/strong><\/p>\n<ol>\n<li>Fituesit t\u00eb \u00e7mimit \u201cPoeti Laureat\u201d i jepet nj\u00eb trofe, certifikat\u00eb dhe nj\u00eb shum\u00eb financiare.<\/li>\n<li>Certifikatat n\u00ebnshkruhen nga juria dhe drejtori i QKLL-s\u00eb.<\/li>\n<\/ol>\n<p>Shuma financiare jepet nga fondi buxhetor i Qendr\u00ebs Komb\u00ebtare t\u00eb Librit dhe Leximit, i parashikuar p\u00ebr financimin e projekteve dhe veprimtarive kulturore<\/p>\n","protected":false},"excerpt":{"rendered":"<p>Statusi i Poetit Laureat \u00c7mimi \u201cPoeti Laureat\u201d \u00ebsht\u00eb vler\u00ebsimi m\u00eb i lart\u00eb profesional q\u00eb i jepet nj\u00eb shkrimtari me kontribut t\u00eb spikatur n\u00eb fush\u00ebn e poezis\u00eb. Procedurat e p\u00ebrzgjedhjes s\u00eb kandidatit p\u00ebr k\u00ebt\u00eb titull variojn\u00eb nga vendi n\u00eb vend, por funksioni i tij \u00ebsht\u00eb kudo i nj\u00ebjt\u00eb: nd\u00ebrgjegj\u00ebsimi i publikut mbi r\u00ebnd\u00ebsin\u00eb e leximit dhe &hellip;<\/p>\n","protected":false},"author":1,"featured_media":7368,"parent":0,"menu_order":0,"comment_status":"closed","ping_status":"closed","template":"","meta":{"footnotes":""},"class_list":["post-7406","page","type-page","status-publish","has-post-thumbnail","hentry"],"_links":{"self":[{"href":"https:\/\/qkll.gov.al\/index.php?rest_route=\/wp\/v2\/pages\/7406","targetHints":{"allow":["GET"]}}],"collection":[{"href":"https:\/\/qkll.gov.al\/index.php?rest_route=\/wp\/v2\/pages"}],"about":[{"href":"https:\/\/qkll.gov.al\/index.php?rest_route=\/wp\/v2\/types\/page"}],"author":[{"embeddable":true,"href":"https:\/\/qkll.gov.al\/index.php?rest_route=\/wp\/v2\/users\/1"}],"replies":[{"embeddable":true,"href":"https:\/\/qkll.gov.al\/index.php?rest_route=%2Fwp%2Fv2%2Fcomments&post=7406"}],"version-history":[{"count":3,"href":"https:\/\/qkll.gov.al\/index.php?rest_route=\/wp\/v2\/pages\/7406\/revisions"}],"predecessor-version":[{"id":8485,"href":"https:\/\/qkll.gov.al\/index.php?rest_route=\/wp\/v2\/pages\/7406\/revisions\/8485"}],"wp:featuredmedia":[{"embeddable":true,"href":"https:\/\/qkll.gov.al\/index.php?rest_route=\/wp\/v2\/media\/7368"}],"wp:attachment":[{"href":"https:\/\/qkll.gov.al\/index.php?rest_route=%2Fwp%2Fv2%2Fmedia&parent=7406"}],"curies":[{"name":"wp","href":"https:\/\/api.w.org\/{rel}","templated":true}]}}

<p><strong>Statusi i Poetit Laureat</strong></p>
<p>Çmimi “Poeti Laureat” është vlerësimi më i lartë profesional që i jepet një shkrimtari me kontribut të spikatur në fushën e poezisë. Procedurat e përzgjedhjes së kandidatit për këtë titull variojnë nga vendi në vend, por funksioni i tij është kudo i njëjtë: ndërgjegjësimi i publikut mbi rëndësinë e leximit dhe shkrimit të poezisë.</p>
<p>Për herë të parë, Shqipëria ka përzgjedhur një “Poet Laureat”, për një mandat dyvjeçar. Procesi i përzgjedhjes u realizua nga Qendra Kombëtare e Librit dhe Leximit dhe “Poeti Laureat” u emërua prej një Komiteti Drejtues i përzgjedhur nga QKLL-ja, i përfaqësuar nga personazhe të rëndësishme të botës së letrave.</p>
<p>Qëllimi i përzgjedhjes së “Poetit Laureat” është ndërgjegjësimi i publikut mbi rëndësinë e poezisë dhe përsosjen e një tradite poetike. “Poeti Laureat” ndërton strategjinë personale për ndërgjegjësimin e publikut mbi rëndësinë e lëvrimit dhe leximit të poezisë shqipe. Ky vlerësim organizohet nën kujdesin e QKLL-së një herë në dy vjet. “Poeti Laureat” është një personalitet me botime, i cili vlerësohet në bazë të një vepre poetike me arritje në letërsinë shqipe në vitet e fundit. Fituesi dorëzon brenda një muaji nga marrja e çmimit, një projekt konkret pranë QKLL-së, në kuadër të të cilit pasqyrohet angazhimi i tij në rritjen e ndërgjegjësimit për leximin dhe shkrimin e poezisë në vend. Gjatë mandatit dyvjeçar, “Poeti Laureat” realizon hartimin e një antologjie me poezinë në fokus, duke e zgjedhur ai vetë tematikën.</p>
<p><strong>Baza Ligjore</strong></p>
<p>Statusi ligjor i “Poetit Laureat” i referohet VKM-së Nr. 24, datë 16.01.2019 &#8220;Për krijimin, organizimin dhe funksionimin e Qendrës Kombëtare të Librit dhe Leximit&#8221;, paragrafit III, pika a, ku thuhet: “QKLL-ja harton programet dhe financon projektet në fushën e librit”; Vendimit Nr. 14 të Kolegjiumit mbi projektin “Poeti Laureat”, si edhe politikave të QKLL-së për mbështetjen e procesit krijues në gjininë e poezisë.</p>
<p>Fondi mbështet “Poetin Laureat” financiarisht, shërben edhe si orientim për shtëpitë botuese brenda dhe jashtë vendit, me qëllim bashkëpunimin për të promovuar poetët shqiptarë.</p>
<p>“Poeti Laureat” përzgjidhet mes kandidatëve që lëvrojnë zhanrin e poezisë shqipe, nga të cilët juria zgjedh “Poetin Laureat”, bazuar te kriteret e mëposhtme:</p>
<p>&#8211; të jetë emër i njohur dhe me kontribut letrar në poezinë shqipe;</p>
<p>&#8211; të ketë botuar të paktën tri vepra poetike;</p>
<p>&#8211; të jetë i përkthyer të paktën në një gjuhë të huaj;</p>
<p>&#8211; të ketë botuar të paktën një vepër poetike gjatë dy viteve të fundit.</p>
<p><strong>Qendra Kombëtare e Librit dhe Leximit </strong>harton të gjitha aspektet e kontratës me jurinë dhe fituesin, kundrejt të gjitha kritereve dhe rregullave të bashkëpunimit të ndërsjellë deri në shpalljen e fituesit.</p>
<p><strong>Detyrimet e “Poetit Laureat”</strong></p>
<ol>
<li>“Poeti Laureat” do të ndërtojë strategjinë personale të promovimit të vlerave të poezisë gjatë një mandati dyvjeçar dhe do të realizojë hartimin e një antologjie me poezinë në fokus, duke e zgjedhur ai vetë tematikën.</li>
<li>Krijimtaria letrare poetike, mes së cilës përzgjidhen veprat dhe autorët për t’u vlerësuar, duhet të jetë në formë të shtypshkruar, d.m.th. e botuar brenda territorit të vendit, nga persona fizikë apo juridikë që ushtrojnë veprimtari në fushën e botimit në territorin e Republikës së Shqipërisë, në përputhje me legjislacionin shqiptar në fuqi.</li>
</ol>
<p><strong> </strong><strong>Shpërblimi i fituesit të çmimit “Poeti Laureat”</strong></p>
<ol>
<li>Fituesit të çmimit “Poeti Laureat” i jepet një trofe, certifikatë dhe një shumë financiare.</li>
<li>Certifikatat nënshkruhen nga juria dhe drejtori i QKLL-së.</li>
</ol>
<p>Shuma financiare jepet nga fondi buxhetor i Qendrës Kombëtare të Librit dhe Leximit, i parashikuar për financimin e projekteve dhe veprimtarive kulturore</p>

<p>Statusi i Poetit Laureat Çmimi “Poeti Laureat” është vlerësimi më i lartë profesional që i jepet një shkrimtari me kontribut të spikatur në fushën e poezisë. Procedurat e përzgjedhjes së kandidatit për këtë titull variojnë nga vendi në vend, por funksioni i tij është kudo i njëjtë: ndërgjegjësimi i publikut mbi rëndësinë e leximit dhe &hellip;</p>
