{"id":6278,"date":"2020-05-07T22:01:05","date_gmt":"2020-05-07T20:01:05","guid":{"rendered":"https:\/\/qkll.gov.al\/?page_id=6278"},"modified":"2020-05-13T21:03:12","modified_gmt":"2020-05-13T19:03:12","slug":"misioni","status":"publish","type":"page","link":"https:\/\/qkll.gov.al\/?page_id=6278","title":{"rendered":"Misioni"},"content":{"rendered":"<p>Misioni i QKLL-s\u00eb \u00ebsht\u00eb ndjekja dhe zbatimi i projekteve n\u00eb fush\u00ebn e librit, sipas programit qeveris\u00ebs t\u00eb ministris\u00eb p\u00ebrgjegj\u00ebse p\u00ebr librin, duke synuar p\u00ebrhapjen e kultur\u00ebs s\u00eb leximit n\u00eb t\u00eb gjith\u00eb vendin, nxitjen e krijimtaris\u00eb, forcimin e rolit promovues dhe edukativ t\u00eb bibliotekave dhe mb\u00ebshtetjen e projekteve p\u00ebr promovimin e letrave shqipe n\u00eb tregun evropian dhe at\u00eb bot\u00ebror.<\/p>\n","protected":false},"excerpt":{"rendered":"<p>Misioni i QKLL-s\u00eb \u00ebsht\u00eb ndjekja dhe zbatimi i projekteve n\u00eb fush\u00ebn e librit, sipas programit qeveris\u00ebs t\u00eb ministris\u00eb p\u00ebrgjegj\u00ebse p\u00ebr librin, duke synuar p\u00ebrhapjen e kultur\u00ebs s\u00eb leximit n\u00eb t\u00eb gjith\u00eb vendin, nxitjen e krijimtaris\u00eb, forcimin e rolit promovues dhe edukativ t\u00eb bibliotekave dhe mb\u00ebshtetjen e projekteve p\u00ebr promovimin e letrave shqipe n\u00eb tregun evropian &hellip;<\/p>\n","protected":false},"author":1,"featured_media":0,"parent":5984,"menu_order":0,"comment_status":"closed","ping_status":"closed","template":"","meta":{"footnotes":""},"class_list":["post-6278","page","type-page","status-publish","hentry"],"_links":{"self":[{"href":"https:\/\/qkll.gov.al\/index.php?rest_route=\/wp\/v2\/pages\/6278","targetHints":{"allow":["GET"]}}],"collection":[{"href":"https:\/\/qkll.gov.al\/index.php?rest_route=\/wp\/v2\/pages"}],"about":[{"href":"https:\/\/qkll.gov.al\/index.php?rest_route=\/wp\/v2\/types\/page"}],"author":[{"embeddable":true,"href":"https:\/\/qkll.gov.al\/index.php?rest_route=\/wp\/v2\/users\/1"}],"replies":[{"embeddable":true,"href":"https:\/\/qkll.gov.al\/index.php?rest_route=%2Fwp%2Fv2%2Fcomments&post=6278"}],"version-history":[{"count":2,"href":"https:\/\/qkll.gov.al\/index.php?rest_route=\/wp\/v2\/pages\/6278\/revisions"}],"predecessor-version":[{"id":6424,"href":"https:\/\/qkll.gov.al\/index.php?rest_route=\/wp\/v2\/pages\/6278\/revisions\/6424"}],"up":[{"embeddable":true,"href":"https:\/\/qkll.gov.al\/index.php?rest_route=\/wp\/v2\/pages\/5984"}],"wp:attachment":[{"href":"https:\/\/qkll.gov.al\/index.php?rest_route=%2Fwp%2Fv2%2Fmedia&parent=6278"}],"curies":[{"name":"wp","href":"https:\/\/api.w.org\/{rel}","templated":true}]}}